 h(-6).
4
Suppose u = -3*m + 4*m - 1, m = 4*u + 1. Suppose -3*r = 4*s - 7, 7 = 2*s - u*s + 5*r. Let y be -5*(-3)/(3/s). Let h(g) = g**2 - 7*g + 7. Calculate h(y).
-3
Let x(s) = s - s**3 + 6 - 5 - 2*s**2 - 5. Let f be x(-3). Let t(r) = -1 - r**2 - f + r + 5*r. Determine t(5).
2
Let d = 16 + -11. Let a(h) = h**2 + 1. Let g(k) = -2*k**2 - 7*k + 4. Let s(c) = 3*a(c) + g(c). Calculate s(d).
-3
Let v(z) = -4*z**2 - 349 - 3*z + 349 - z**3. Suppose -2*i = -4*m + 8, 5*i - i = m - 2. Suppose -2*g + 1 = -5*p, -p = -2*g + m - 5. What is v(g)?
-2
Suppose -d + 3 - 1 = 0. Let s(v) = -2*v - 2. Determine s(d).
-6
Let f(q) be the second derivative of q**4/12 - 7*q**3/6 + 3*q**2/2 + 3*q. Let w(b) = b**3 + 5*b**2 - 6*b + 5. Let o be w(-6). Calculate f(o).
-7
Let q(c) be the first derivative of -c**4/8 - 2*c**3/3 + 7*c**2/2 + 6. Let u(t) be the second derivative of q(t). Determine u(4).
-16
Let n(g) = -15*g**3 + g + 13*g**3 - 14*g**3. Give n(-1).
15
Let i(o) = o - 9. Let w be i(16). Let y(q) = 0 + 2*q**2 - 3*q**2 - w*q - 4. Determine y(-5).
6
Let u(y) = -y**2 + y - 3. Suppose 4*o - o = -9. Calculate u(o).
-15
Let o(t) = t**3 - 5*t**2 - 2*t + 6. Let d(c) = 2*c**3 - 10*c**2 - 4*c + 12. Let j(m) = -2*d(m) + 5*o(m). Calculate j(4).
-18
Let l(v) be the first derivative of 1 + 3/2*v**2 + 3*v + 1/3*v**3. Let r = 2 + -4. Calculate l(r).
1
Let m(o) = o**2 + o + 5. Let j(n) = -n**3 - 9*n**2 - 7*n + 8. Let i be j(-8). Give m(i).
5
Let j(v) = 11*v**3 + 0*v - v + 0*v. Suppose -3*c = -0*c - 3. Determine j(c).
10
Let n = -10 - -16. Let c(f) = -f - 3. Calculate c(n).
-9
Let p(j) = 2*j + 7 - 3*j - 6. Let d be (-2)/(-6) + (-14)/(-3). Give p(d).
-4
Suppose -3 = m - 7, -5*p = 3*m + 23. Let f(s) = -s - 6. Determine f(p).
1
Suppose n = 4*w - 6 - 2, 0 = -3*n - 4*w + 8. Let l(g) = -g**2 + 3*g + 1 + n*g**2 - 5*g + 0*g**2. Determine l(1).
-2
Let h be 2/(-4)*(-28 + 2). Let u = 9 - h. Let b(a) = -2*a + 8*a - 3 + 7 + a**2. Determine b(u).
-4
Let q(j) = j**3 + j**2 + j + 3. Let r be q(0). Let z(n) = 5*n**r + 4*n - 1 + 9*n - 13*n + n**2. Determine z(1).
5
Let s(c) = c**3 + 3*c**2 - 2*c - 5. Let r be s(-3). Let i(k) = -5*k**3 + 2*k - 1. Give i(r).
-4
Let s(c) = c**2 - 3*c + 1. Let z(k) = -k**3 - 3*k**2 + 4*k + 3. Let u be z(-4). What is s(u)?
1
Let i(p) = -p**3 - 3*p**2 + 2*p + 3. Suppose 47 = -3*r - 1. Let c be (-1)/3 + r/6. Calculate i(c).
-3
Let l(s) = s + 12. Let o = -27 + 21. Calculate l(o).
6
Let l = -9 - -12. Let g = l + -9. Let j(z) = z. Determine j(g).
-6
Let f(x) = 7*x**2 - 13*x - 9. Let q(r) = 3*r**2 - 6*r - 4. Let t(b) = -2*f(b) + 5*q(b). Give t(4).
-2
Let j be ((-2)/(-3))/((-6)/(-27)). Let y(h) = 2*h + j*h**2 - h**2 + 6 - 5. Let g = -2 + 1. Give y(g).
1
Let y(k) = -k**2 + k. Let f be -12 - (6 - 3)*-1. Let q be (-42)/f + (-2)/(-6). Suppose q*s - 8 = -4*t, 0*t + 2*s = -4*t + 8. Determine y(t).
-2
Let o(f) = -4*f + 11. Let r(a) = -9*a + 23. Let v(h) = -5*o(h) + 2*r(h). What is v(6)?
3
Let o(p) be the third derivative of 0*p + 0 - p**2 + 1/2*p**3 - 1/8*p**4. Suppose 0 = 4*n - 2*x, 3*n = n - 2*x + 12. Calculate o(n).
-3
Let s(a) be the second derivative of 0 - 1/12*a**4 + 1/720*a**6 + 0*a**3 + a + 3/40*a**5 + 0*a**2. Let i(u) be the third derivative of s(u). What is i(-5)?
4
Let v(t) be the first derivative of t**3/3 - t**2/2 - 5*t - 7. Suppose 5 = 3*c - 7. Give v(c).
7
Let f(y) = 2*y. Let l = -7 - -9. Calculate f(l).
4
Suppose 0 = u + 2*c + 4, -3*u + 2*c = c - 9. Let s(m) be the first derivative of 3/2*m**2 - m - u. Calculate s(-1).
-4
Let b(n) = n**2 + 8*n - 2. Suppose -2*y + 5*s - 16 = 2*y, -4 = y + 4*s. Determine b(y).
-18
Let s(f) = f + 3. Suppose -v = -5*v + 5*z - 22, -5*v - 2*z = 44. Determine s(v).
-5
Let k(f) be the third derivative of f**4/12 + f**3/6 - f**2. Suppose 178*l = 183*l - 5. Calculate k(l).
3
Let p = -34 - -36. Let l = -27 + 17. Let m be l/p - (6 - 7). Let w(r) = r**3 + 3*r**2 - 5*r + 1. What is w(m)?
5
Let f be (3 + -2)/(5/75). Let v(g) = -9*g - f*g - 4 + 20*g + g**3 - 3*g**2. Give v(4).
-4
Let g(j) = -j**2 - 8*j + 9. Let b be g(-9). Let v = b - 1. Let w(q) = -q. What is w(v)?
1
Let c(t) be the first derivative of 11*t**7/840 - t**6/360 + t**5/120 + t**4/24 + 7*t**3/3 - 5. Let j(u) be the third derivative of c(u). Determine j(-1).
-12
Let m(f) = -11*f**3 + 3*f**2. Suppose -4*a = 4*d - 28, -3*a = -4*d - 5 + 19. Let k(h) = 7*h**3 - 2*h**2. Let s(i) = d*m(i) + 8*k(i). Let o = 4 - 3. Give s(o).
0
Suppose -19*s + 16*s = 27. Let z(n) = 2*n + 12. Calculate z(s).
-6
Let p(i) = -i**3 - 6*i**2 - 6*i + 3. Let w be p(-3). Let q(y) = y**2 + y - 1. Let z(h) = -5*h**2 - 9*h + 1. Let k(l) = -4*q(l) - z(l). Calculate k(w).
9
Let j(h) = 2*h - 3. Let d = 27 + -21. What is j(d)?
9
Let d(q) = q**2 - q**2 + 12 - 3*q - 2*q**2 - 10. Let z(m) = m**2 - 3*m - 1. Let f be z(2). Determine d(f).
-7
Let k(j) = -j**3 + j**2 - j - 1. Let h(p) = -5*p**3 + 3*p**2 + p. Let f(b) = -h(b) + 4*k(b). Let u = 0 + 4. Let l = u - 7. Determine f(l).
-7
Suppose -i + 2*i = 4*z - 15, -3*i = -3*z. Let c(q) = q**3 - 5*q**2 - 3*q - 2. Give c(i).
-17
Let m = -1 - -16. Let q = m - 16. Let v(s) = 5*s**2 - 6*s - 1. Let u(p) = -14*p**2 + 17*p + 3. Let n(c) = 6*u(c) + 17*v(c). Give n(q).
2
Let g(y) = -y. Let p(a) = -a**2 - 8*a - 6. Let u = 13 + -6. Let m(x) = -2*x + 7. Let b be m(u). Let o be p(b). Calculate g(o).
-1
Let n be 4 + (-2)/(0 - -1). Let x(j) = 4 + 4*j + 0*j**2 + n*j**2 - j**2. Suppose -10*h + 9*h = 3. Calculate x(h).
1
Let c = 0 - 0. Let u = c - 1. Let i(g) be the first derivative of -2*g**4 + g**3/3 - g - 5. Calculate i(u).
8
Let b(x) = -1 - 4 - 6 + x. Let r be (-12)/12*-1*6. Calculate b(r).
-5
Let g(b) = 36*b**2 - 3*b. Let t(s) = -12*s**2 + s. Let n(c) = -2*g(c) - 7*t(c). Calculate n(1).
11
Let k(v) = v - 8. Let w be k(12). Let c(a) = 7 - 3 + 3*a - w*a. Give c(3).
1
Let v(w) be the first derivative of 2*w**3 + w + 58. Calculate v(1).
7
Let u(a) = a**3 + 4*a**2 - 5*a - 5. Let j be 2 - 5 - (5 - 3). Give u(j).
-5
Let n(r) = -r**3 - r**2 + 5*r + 2. Let a(t) = t. Let l(j) = 6*a(j) - n(j). Let w be l(0). Let f(y) = -3 - 2*y + 2*y**2 + 2*y**2 - 5*y**2. Determine f(w).
-3
Let j(k) = k**3 - 7*k**2 + 1. Let q = 4 - -3. Calculate j(q).
1
Let n(x) be the third derivative of x**6/120 + x**5/60 + x**4/12 - 26*x**2. What is n(-2)?
-8
Let o(t) = -2*t**2 + t - 1. Let u(c) = c - 6. Let d be u(7). What is o(d)?
-2
Let t(o) be the third derivative of o**4/24 - o**3/3 + 4*o**2 - 5. What is t(6)?
4
Suppose -3*r = 2*a - 2, -3*a - 3*r = -0*a - 6. Suppose 4*n + 7 = a*m - 5, 5*n = 3*m - 17. Let w(z) = -z**2 - 3*z - 3. Determine w(n).
-7
Let j(y) be the first derivative of y**4/24 - 5*y**3/6 + y**2/2 - 2. Let k(c) be the second derivative of j(c). Calculate k(6).
1
Let k(c) be the first derivative of -c**4/4 + 2*c**3 - 3*c**2 + 4*c - 9. Calculate k(4).
12
Suppose -4*x = -x - 6. Let w = -7 - -6. Let h(j) = -2*j**2 + 2. Let m(s) = -s**2 - s. Let u(n) = w*m(n) + h(n). Give u(x).
0
Let c(u) = 4*u - 13. Let z(l) = -l - 1. Let o(p) = c(p) + 3*z(p). Determine o(8).
-8
Suppose 2*z - 27 = 3*k, -3*k + 3*z - 17 = 13. Let q(g) = -g**3 - 7*g**2 + 2*g + 10. Give q(k).
-4
Let t(d) = -2*d - 6. Let x = -3 - -5. Suppose -3*w = c + 16, -4*w - x = c + 18. What is t(c)?
2
Let k(d) = 3*d**2 - 4*d + 2. Let y(f) = f**3 - 5*f**2 - f + 7. Let a = -5 - -10. Let s be y(a). Calculate k(s).
6
Suppose -4*r + 1 = 3*x - 1, 5*x + 6 = -2*r. Let w(b) = -2*b**3 + 1 + 0*b**2 + r*b + 2*b**2 + 0*b**2. Determine w(-1).
3
Let q(a) = a**2 - 7*a - 4. Suppose 4*s = -8*v + 4*v + 48, -s - 5*v + 32 = 0. Calculate q(s).
-4
Let v be (-24)/9 + 7/(-21). Let q(s) be the second derivative of s**3/3 + s. Determine q(v).
-6
Let k(f) be the third derivative of f**6/120 - f**5/20 + f**4/24 + f**3/6 - 2*f**2. What is k(2)?
-1
Let a(l) = 2*l + 1. Let b be 15/20 + 39/12. Suppose x - 3*x = -b*t - 6, -4*t + 4*x = 4. What is a(t)?
-3
Let i(b) = 4*b + 3 + b**3 + 5*b**2 - b - 5. Let m(f) = -f**3 - 5*f**2 - 6*f - 3. Let l be m(-3). Determine i(l).
7
Let t(z) be the third derivative of -z**4/24 - z**3/2 - 2*z**2. Suppose 0 = 2*u + 3*x - 9, -x - 12 = -3*u - 5*x. Determine t(u).
-3
Let z(j) = j**2 - 6*j + 3. Let w be (-2 + -1)*(-60)/36. Give z(w).
-2
Let w(m) = -3*m**3 - 11*m**2 + 3*m - 5. Let o(l) = -2*l**3 - 10*l**2 + 4*l - 4. Let r(s) = 4*o(s) - 3*w(s). Calculate r(6).
5
Let y(d) = -6*d**3. Let 